st the prime factors of 38180412.
2, 3, 1060567
List the prime factors of 352994533.
352994533
What are the prime factors of 162619549?
607, 267907
List the prime factors of 61106797.
31, 523, 3769
List the prime factors of 47052503.
23, 2045761
What are the prime factors of 87245547?
3, 17, 1710697
What are the prime factors of 173706021?
3, 151, 127819
What are the prime factors of 129676408?
2, 17, 953503
List the prime factors of 4112951.
239, 17209
What are the prime factors of 202553090?
2, 5, 1619, 12511
List the prime factors of 33701688.
2, 3, 468079
What are the prime factors of 1404029207?
7, 547, 366683
List the prime factors of 323583203.
47, 6884749
List the prime factors of 1992232399.
331, 6018829
What are the prime factors of 126300311?
607, 208073
List the prime factors of 39979268.
2, 7, 19, 75149
List the prime factors of 24330127.
19, 37, 53, 653
What are the prime factors of 32900430?
2, 3, 5, 229, 4789
List the prime factors of 4790321876.
2, 19, 2269, 27779
What are the prime factors of 2897315161?
13, 11743, 18979
List the prime factors of 64769854.
2, 47, 689041
What are the prime factors of 76543925?
5, 41, 53, 1409
List the prime factors of 168623982.
2, 3, 1213, 7723
What are the prime factors of 50614526?
2, 43, 13687
List the prime factors of 8522721.
3, 946969
What are the prime factors of 952940872?
2, 13, 9162893
List the prime factors of 908889157.
11, 307, 269141
List the prime factors of 111527196.
2, 3, 11, 844903
List the prime factors of 99939716.
2, 61, 409589
What are the prime factors of 496364026?
2, 113, 467, 4703
What are the prime factors of 9370496?
2, 19, 3853
List the prime factors of 8863496429.
109, 81316481
What are the prime factors of 93693741?
3, 4259, 7333
What are the prime factors of 2953676852?
2, 7, 61, 179, 9661
List the prime factors of 44101605.
3, 5, 29, 101383
List the prime factors of 142716055.
5, 28543211
List the prime factors of 75800146.
2, 31, 1222583
What are the prime factors of 6244484976?
2, 3, 19, 2282341
What are the prime factors of 266554504?
2, 1451, 22963
What are the prime factors of 259427087?
191, 1358257
What are the prime factors of 1335709513?
1335709513
List the prime factors of 55060706.
2, 83, 331691
List the prime factors of 2840407223.
19, 149495117
What are the prime factors of 113508286?
2, 17, 89, 37511
List the prime factors of 178345855.
5, 347, 102793
What are the prime factors of 275190044?
2, 103, 281, 2377
List the prime factors of 31709678.
2, 7, 11, 13, 47, 337
What are the prime factors of 18250718?
2, 9125359
What are the prime factors of 36072663?
3, 11, 1093111
List the prime factors of 609318282.
2, 3, 3919, 25913
List the prime factors of 385597627.
59, 6535553
What are the prime factors of 134195198?
2, 103, 577, 1129
List the prime factors of 1610826674.
2, 223, 3611719
List the prime factors of 4431074027.
4431074027
List the prime factors of 206528821.
206528821
List the prime factors of 62404224.
2, 3, 163, 997
List the prime factors of 919010979.
3, 102112331
List the prime factors of 3206935676.
2, 7, 61, 163, 11519
What are the prime factors of 370113040?
2, 5, 11, 43, 9781
What are the prime factors of 418656124?
2, 104664031
List the prime factors of 1537103643.
3, 83, 2179, 2833
What are the prime factors of 127862253?
3, 17, 163, 1709
List the prime factors of 178362614.
2, 19, 4693753
List the prime factors of 3037145111.
7, 11, 13, 37, 82003
What are the prime factors of 2048272008?
2, 3, 67, 83, 103, 149
List the prime factors of 72607296.
2, 3, 378163
List the prime factors of 4358003830.
2, 5, 435800383
List the prime factors of 65919545.
5, 53, 248753
What are the prime factors of 1321175092?
2, 2819, 117167
List the prime factors of 2197383072.
2, 3, 2137, 10711
What are the prime factors of 455850434?
2, 13, 37, 473857
What are the prime factors of 294386660?
2, 5, 23, 683, 937
List the prime factors of 2013010670.
2, 5, 11, 19, 963163
What are the prime factors of 35583880?
2, 5, 889597
What are the prime factors of 48513188?
2, 89, 136273
What are the prime factors of 66991050?
2, 3, 5, 7, 17, 139
What are the prime factors of 855645584?
2, 53477849
What are the prime factors of 147038691?
3, 49012897
List the prime factors of 165633238.
2, 37, 2238287
What are the prime factors of 1298523869?
17, 79, 966883
List the prime factors of 1531781128.
2, 59, 3245299
List the prime factors of 7598834594.
2, 13, 241, 1212709
List the prime factors of 164728773.
3, 11, 37, 44971
What are the prime factors of 1508614831?
11887, 126913
What are the prime factors of 802826040?
2, 3, 5, 23, 290879
What are the prime factors of 551188477?
7, 3461, 22751
What are the prime factors of 122346001?
122346001
List the prime factors of 364565210.
2, 5, 983, 37087
List the prime factors of 114888656.
2, 211, 34031
What are the prime factors of 4723089?
3, 7, 224909
List the prime factors of 5527759699.
7, 11, 19, 31, 121883
List the prime factors of 679360150.
2, 5, 7, 971, 1999
List the prime factors of 426532677.
3, 23, 6181633
What are the prime factors of 823103856?
2, 3, 47, 13513
List the prime factors of 3848084345.
5, 7, 19, 23, 47, 53, 101
List the prime factors of 248872924.
2, 61, 1019971
List the prime factors of 1867260942.
2, 3, 103736719
What are the prime factors of 2092676418?
2, 3, 7, 790883
List the prime factors of 103222066.
2, 51611033
List the prime factors of 285475425.
3, 5, 23, 61, 2713
What are the prime factors of 47134065?
3, 5, 11, 285661
List the prime factors of 2649291943.
103, 25721281
List the prime factors of 55431866.
2, 7, 17, 232907
List the prime factors of 44882538.
2, 3, 353, 21191
What are the prime factors of 6955608206?
2, 32911, 105673
What are the prime factors of 782976610?
2, 5, 13, 31, 37, 59, 89
List the prime factors of 1109757997.
1109757997
List the prime factors of 1031073299.
31, 33260429
List the prime factors of 26785317.
3, 13, 23, 2297
What are the prime factors of 109808220?
2, 3, 5, 19, 96323
List the prime factors of 742211614.
2, 103, 149, 24181
What are the prime factors of 24477723?
3, 2719747
What are the prime factors of 119050081?
119050081
List the prime factors of 68144357.
4093, 16649
List the prime factors of 209192095.
5, 7, 5976917
List the prime factors of 70121945.
5, 14024389
List the prime factors of 27720738.
2, 3, 513347
List the prime factors of 839695284.
2, 3, 23324869
List the prime factors of 458398937.
458398937
What are the prime factors of 1251799482?
2, 3, 349, 597803
List the prime factors of 11183242.
2, 7, 41, 19483
What are the prime factors of 128633247?
3, 347, 41189
List the prime factors of 505920318.
2, 3, 84320053
What are the prime factors of 266472755?
5, 53294551
List the prime factors of 1019286731.
17, 3011, 19913
List the prime factors of 2657346044.
2, 1447, 459113
List the prime factors of 104167647.
3, 67, 89, 647
What are the prime factors of 222741265?
5, 131, 340063
List the prime factors of 1512301493.
24229, 62417
List the prime factors of 172369951.
13, 31, 427717
List the prime factors of 1129725678.
2, 3, 461, 408433
List the prime factors of 22061116.
2, 7, 11, 41, 1747
List the prime factors of 365765534.
2, 733, 249499
What are the prime factors of 4467420077?
47, 211, 450481
List the prime factors of 616531886.
2, 401, 661, 1163
List the prime factors of 584140400.
2, 5, 17, 85903
List the prime factors of 1052515874.
2, 17047, 30871
List the prime factors of 1310759718.
2, 3, 218459953
What are the prime factors of 780687551?
7, 23, 67, 211
List the prime factors of 276359383.
139, 1988197
List the prime factors of 25501406.
2, 7, 31, 67, 877
List the prime factors of 335152079.
335152079
What are the prime factors of 95682092?
2, 11, 2174593
What are the prime factors of 163054782?
2, 3, 11, 37, 2473
What are the prime factors of 2446819545?
3, 5, 163121303
What are the prime factors of 224552602?
2, 19, 79, 131, 571
What are the prime factors of 1396377218?
2, 698188609
What are the prime factors of 45358384?
2, 47, 60317
What are the prime factors of 5997026195?
5, 15391, 77929
What are the prime factors of 2504384015?
5, 7, 19, 347, 10853
List the prime factors of 11313588.
2, 3, 11, 13, 19, 347
What are t